s = 2*d. What is the tens digit of d?
1
Let r(b) = 2*b**2 + 6*b + 14. What is the tens digit of r(-7)?
7
Let a = 25 - 24. What is the units digit of 13 + a - (2 - -1)?
1
Let h(o) = -o**2 - 14*o - 18. What is the units digit of h(-12)?
6
What is the hundreds digit of 24/(-27)*-3*558/8?
1
Let j be (-2)/(0 - (-1)/(-2)). Suppose 0 = c + j*c - 105. What is the units digit of c?
1
Suppose -2*w = -2*x - 30, -x + 27 + 36 = 5*w. Suppose 3*b + 9 = 2*v - 4*v, 0 = -2*b + v - w. What is the units digit of (-1)/b - 4/(-5)?
1
What is the units digit of -3*(-2)/(-3) + (6 - -45)?
9
Let y = 247 - 157. What is the units digit of y?
0
Suppose 5*c = -4*r + 1 + 3, c - 5 = -5*r. Suppose c*g - 25 = -5*g. Suppose g*h - 5*o = -4*o + 24, 0 = -2*h - o + 11. What is the units digit of h?
5
Suppose 7*m - 8*m = -27. What is the units digit of m?
7
What is the hundreds digit of -1 - (-4)/2 - (-2 - 131)?
1
Let q(o) = -o**3 - 2*o**2 + o + 1. Let r be q(-2). What is the units digit of ((-56)/12)/r*6?
8
Let m = 119 + -56. What is the tens digit of m?
6
What is the units digit of 1 - (0/(-3) + -44)?
5
Let v(w) = 17*w**2 + 2*w - 7. Let g(t) = 26*t**2 + 3*t - 10. Let z(a) = 5*g(a) - 7*v(a). Let m be z(1). Let i = m - 7. What is the units digit of i?
4
What is the units digit of (-84)/(3/14*-1)?
2
Suppose -2*m + 0 = -2. Let y(t) = -8*t**3 - 2*t**2 + t. Let q be y(m). What is the units digit of (0 + -6)/3 - q?
7
Suppose -28*n + 636 = -25*n. What is the units digit of n?
2
Suppose -2*k + 2 = -22. Suppose k = -4*a, 2*b - 8 - 1 = a. Suppose -3*t - s + 69 = -b*s, 0 = -2*t + s + 45. What is the units digit of t?
1
Let d be (12/(-5))/((-27)/180). Let r(i) = i**3 - 4*i**2 - i + 4. Let w be r(3). Let y = d + w. What is the units digit of y?
8
Let b(c) = c**3 + 7*c**2 + 7*c + 8. Let m be b(-6). Suppose 0 = -m*o + 3*o - 6. What is the units digit of o?
6
Let r = -18 + 25. Let c = 2 + r. What is the units digit of c?
9
Let k = -225 + 401. What is the units digit of k?
6
Suppose -r - 3*q = -9, 5*r = -4*q + 109 - 20. Let a = r - 10. Suppose -s + 15 = w, w = -s + 2*w + a. What is the units digit of s?
3
Let q(x) = -x**2 - 10*x + 2. Let t be q(-10). Suppose i = -t*n - 0*n + 36, n - 2*i = 13. What is the tens digit of n?
1
Let u = 307 + -211. What is the tens digit of u?
9
Suppose -5*s = -5*d - 3*s - 40, 2*s + 50 = -4*d. Let v = -3 - d. What is the units digit of v?
7
Suppose -3*h = -10*q + 9*q + 197, 0 = 5*h + 15. What is the units digit of q?
8
Suppose 5*j - 104 + 12 = -3*m, -2*m - 4*j = -58. Let t = m + -17. What is the units digit of t?
2
Let v(t) be the second derivative of -t**5/20 - 2*t**4/3 - 7*t**3/6 + 2*t**2 + 7*t. What is the units digit of v(-7)?
4
Suppose 4*v + r + 2*r - 9 = 0, 0 = 4*v - 2*r + 6. Suppose v = -2*j - 4*d + 17 - 3, -28 = -4*j + d. What is the units digit of j?
7
Suppose -2*a + 3*a = 0. Suppose -3*k = 5*p - 13, a*p + 21 = 5*p + k. What is the units digit of p?
5
Let l(b) = b**3 + 14*b**2 + 13*b + 20. What is the units digit of l(-13)?
0
Let s(b) = -b**3 - b**2 + b + 1. Let f = -3 + 9. Suppose -m = -f*m - 10. What is the units digit of s(m)?
3
Let g(q) = -q**2 + 7*q + 3. Let d be g(8). What is the units digit of 1/5 - 44/d?
9
Let p be 0/(-2 + 0/2). Let j = 2 - p. What is the units digit of j - 2/(1*-2)?
3
Let p be (-3 - -2)*-13*1. Suppose 3 = 4*w - p. What is the units digit of w?
4
What is the tens digit of (-4 + 6 - -22) + -3?
2
Let g = -4 - -8. Suppose -g*l + 2*r - 4 = 0, -2*l + 2 = -5*l + r. Suppose 0 = 2*q - q - k - 15, l = 2*q + 3*k - 45. What is the tens digit of q?
1
Let l be (80/15)/(2/3). Let d(i) = -i**2 + 9*i + 6. What is the tens digit of d(l)?
1
Let u = 15 - 9. Suppose 7 = z - u. What is the units digit of z?
3
Suppose 0 = 5*l - 0*l. Let y(m) = -m + 13. Let w be y(7). Let g = w - l. What is the units digit of g?
6
Suppose -4*b + 3*b = -9. Let h(c) = c + 2. What is the units digit of h(b)?
1
Let v(m) = m**3 + 6*m**2 + 5*m + 5. What is the units digit of v(-2)?
1
Let i(a) = 50*a. Let v be i(2). Let o = v + -39. What is the tens digit of (-2)/10 + o/5?
1
Let g = 6 + -8. What is the units digit of (0 - 2)/g + 7?
8
Let u(s) = 3*s**3 - 3*s**2 + 3*s - 1. What is the tens digit of u(2)?
1
Let p be -2 - (-1)/(1/7). Suppose -k - 12 = p*m, 5*m = -0 - 25. What is the tens digit of k?
1
Suppose 10 = -0*r + 5*r. Suppose -r*h - 2*g + 12 = -0*h, 0 = -g + 2. Suppose u - 23 = -2*w + 7, h = -u. What is the tens digit of w?
1
Suppose 5*i - 2*i = 9. Let x(o) = -o**2 + 4*o + 4. Let f be x(i). Suppose -20 = -f*d + 3*d. What is the units digit of d?
5
Suppose -5*p = 4 - 24. Suppose q + 3*q = 8, p*i - q - 82 = 0. What is the units digit of i?
1
Let q(a) be the second derivative of -a**5/10 - a**4/4 - a**3/3 - a**2 - 10*a. What is the tens digit of q(-3)?
3
Suppose -3*t - u - 4 - 1 = 0, t = 4*u + 20. Suppose 3*m - 9 = -t*m. Suppose 0 = m*z + 5*y - 27, 4*z + y - 10 = 9. What is the units digit of z?
4
Let a be ((-2)/2)/((-2)/4). What is the tens digit of 8 + 5 - -1*a?
1
Let r = 84 - 43. What is the units digit of r?
1
What is the units digit of 0 + 2/(-3) - (-3312)/27?
2
Let p(q) be the first derivative of -q**2/2 + 5*q + 2. Let s be p(9). Let u = 17 + s. What is the tens digit of u?
1
Suppose i + 27 = 4*i. What is the units digit of i?
9
Let h = -3 - -7. Let z(n) = -11*n + 5 - n**2 + 18*n - 4*n. What is the units digit of z(h)?
1
Let n = 195 - 35. What is the tens digit of n?
6
Suppose 4*a - 167 = 17. What is the units digit of a?
6
Let o be (-8)/(1/4*2). Let j = -43 + 9. Let d = o - j. What is the tens digit of d?
1
Let o(y) = 3*y**2 - 3*y - 4*y**2 + 4 + 5*y + 4*y. What is the units digit of o(5)?
9
Let v = 7 + -3. Suppose v*r = 16 + 28. What is the units digit of r?
1
Let w be 3/6 + (-27)/(-2). Let b = -5 + w. What is the units digit of b?
9
Let z = 62 - 31. What is the units digit of z?
1
Let l = -57 - -113. What is the tens digit of l?
5
Let d = 28 + -7. Suppose -3*m + 28 = -g - 3, -3*m + d = -3*g. What is the units digit of m?
2
Suppose 162 = m - 4*q, -210 = 5*m + 5*q - 895. What is the units digit of m?
2
Let u(n) = n + 13. Let z be ((-28)/6)/(2/3). What is the units digit of u(z)?
6
What is the tens digit of 3/(-3) + (-1 - -23)?
2
Suppose -5*r = -g + 3*g - 12, -2*r = 4. What is the tens digit of g?
1
Let w = 218 + -22. What is the hundreds digit of w?
1
Suppose 0 = -3*z + 2*d + 112, -136 = -4*z - d - 3*d. What is the tens digit of z?
3
Let d(u) = 8*u - 4 + 2 - u**2 + 2*u. Let m be d(8). Suppose -2*z = -5*s - 5*z - 2, 0 = -3*s - 5*z - m. What is the units digit of s?
2
What is the units digit of 2/5 + (-2444)/(-65)?
8
Let j(u) = -6*u + 9. Let f(r) = 1. Let x(v) = -9*f(v) + j(v). Suppose 5*d = -3 - 2. What is the units digit of x(d)?
6
Suppose 25 = 3*b - 5*z, -3*z + 0*z = 3*b - 57. Suppose 3 - b = -3*a. Suppose 2 + a = 2*r. What is the units digit of r?
3
Suppose -3*p + p - 6 = 0. Let u(h) = h**2 + h - 4. Let z be u(p). Suppose 4*j = z*q - 20, -6 = -q + j + 3. What is the units digit of q?
8
Suppose l - 3*f + 0 - 14 = 0, 5*l + 3*f + 20 = 0. Let k be -1*(5 + -2)*l. Suppose -4 = -2*g - 2*g - 3*z, 3*g + 2*z = k. What is the units digit of g?
1
Let z = 45 - 6. What is the tens digit of z?
3
Suppose 8 = -y + 5*y. Let h = y - 7. What is the units digit of (-1)/2 + h/(-2)?
2
Let a be (-21)/(-4) - (-1)/(-4). Let w = -1 + a. Suppose 2*c + 8 = w*c. What is the units digit of c?
4
Let l(f) = 3*f**2 - 6*f + 1. Let b be l(4). Suppose b = -s + 5*c, -16 = 5*s - 4*c + 4. Suppose -2*p = -t - 5, -5*p = 3*t - s - 7. What is the units digit of p?
2
Let w(g) = -3*g + g**2 - 213 + g + 210. Suppose -4*l = -4*y + 8, -2*y + 11 = 2*y - 3*l. What is the units digit of w(y)?
2
Suppose 5*w - 8 - 2 = 0. Suppose -20 = -w*i + 6. What is the units digit of i?
3
Let a be 51/5 + (-1)/5. Let f = -15 + a. Let u = f - -8. What is the units digit of u?
3
Let l(o) be the first derivative of -5*o**2 - 5*o - 7. What is the units digit of l(-3)?
5
Let o(c) = 194*c**3 - 2*c**2 + c. What is the tens digit of o(1)?
9
Let a(w) = 12*w**2. Let v be a(-1). Suppose -v = -6*g + 2*g. Let m = g + 3. What is the units digit of m?
6
Let j(o) = 2*o**2 + 3*o - 2. What is the tens digit of j(2)?
1
Let m = 0 - -5. Suppose -m*k + 8*z + 198 = 4*z, 3*k - 2*z - 118 = 0. Suppose -x = 3*x + 5*d - k, 0 = 4*x + d - 30. What is the units digit 